be v(-4). Let x be (-32)/(-6) + (-2)/p. What is d(x)?
2
Let f(p) = -3*p**2 - p - 1. Let v(t) = -20*t**2 - 3*t - 4. Let q(m) = 6*f(m) - v(m). Let x(h) = 4*h**2 + h. Let b be x(-1). Calculate q(b).
7
Let i(k) be the third derivative of k**4/24 + 5*k**3/3 - 11*k**2. Let y be i(-6). Let x(a) = -a**3 + 5*a**2 - 6*a + 6. Determine x(y).
-2
Let t(i) = -i**2. Let p(h) = h**3 - 2*h**2 - 5*h - 2. Let x(a) = p(a) + t(a). Calculate x(4).
-6
Suppose 2*q = -0*q + 4. Let k(v) be the second derivative of -v + 0 - 1/10*v**5 + 1/12*v**4 + 1/3*v**3 + 1/2*v**2. Determine k(q).
-7
Let a(h) be the first derivative of 1/60*h**5 - 3 + 0*h + 0*h**2 - 1/180*h**6 - 1/24*h**4 + 4/3*h**3. Let f(u) be the third derivative of a(u). Give f(2).
-5
Let s(h) = h + 5. Let g(c) = -3*c**2 - c. Let q be g(-2). Let w(b) = -2*b. Let o be w(q). Suppose -8*m = -3*m - o. Determine s(m).
9
Let v(l) be the third derivative of -l**6/120 - l**5/15 + l**4/3 + l**3/2 + 11*l**2. What is v(-5)?
-12
Let h(r) = -r + 2. Let u be h(-6). Let j(w) = -7 + u*w + w**2 - 2*w**2 + 1. Determine j(6).
6
Let v = -5 + 0. Let p(w) = w**2 + 5*w + 6. Calculate p(v).
6
Let h(t) = -t**2 + 14. Let k be 0*(4 - (-3 + 8)). What is h(k)?
14
Let k(q) = 17*q**3 - q**2 + 3*q + 3. Let w(y) = 1 - y**2 + 1 + 7*y**3 + 2*y + 9*y**3. Let v(p) = 2*k(p) - 3*w(p). Calculate v(1).
-13
Let a(j) be the second derivative of 2/3*j**3 - 1/20*j**5 - 7*j + 0 - 5/2*j**2 - 1/4*j**4. Calculate a(-4).
-5
Let z(c) = 2*c - 5. Let p be z(4). Let r be 24/(-18) + (-11)/p. Let a(m) = m**3 + 5*m**2 + 3*m + 5. Give a(r).
-10
Let u(x) = -x**2 + x. Let a(d) = 5*d**2 - d - 8. Let g = -24 - -20. Let j(k) = g*u(k) - a(k). What is j(-6)?
-10
Let z(h) be the third derivative of h**4/24 - h**3/6 - 3*h**2. Let p(m) = -m - 5. Let x be p(-4). Determine z(x).
-2
Let t(s) = -2*s**2 - 4*s - 5. Let y(r) = 2*r**2 + 5*r + 6. Let p(u) = -7*t(u) - 6*y(u). Calculate p(2).
3
Let t = -4 - -6. Let h(a) = 13*a**3 - 17*a**2 + 5*a - 5. Let v(l) = 3*l**3 - 4*l**2 + l - 1. Let z(p) = t*h(p) - 9*v(p). Calculate z(1).
1
Let t(s) = -s**3 + 4*s**3 - 2*s + 0*s**3 - 2*s**2 - 2 + 1. Let v = -10 - -14. Suppose i + 3*i = -v. Determine t(i).
-4
Let d(h) = h**2 + 2*h + 1. Let k(y) = -y**2 - y. Let l(g) = -6*d(g) - 5*k(g). What is l(-4)?
6
Suppose -2*d + 5*d - 9 = 0, -5*o + d - 3 = 0. Suppose 25 = 5*q + 5*j, 2*q + 3*j + o*j - 13 = 0. Let w = q - 5. Let s(b) = -b**2 - 2*b + 1. Determine s(w).
-2
Let b(f) = 11 - 2 - 2*f - 2. Let u be b(6). Let m(n) = 4 + n + 10 - 2. What is m(u)?
7
Let l(j) = j**2 - 7*j - 6. Suppose 2*o - 7*o + 4*c + 55 = 0, -22 = -o + 3*c. Calculate l(o).
-6
Let f(a) = 4*a - 1. Let o be f(1). Let v(y) = y**3 - y**2 - 2*y**3 + 2*y**o + 1 + y. Let j(s) = -s**2 + 9*s - 8. Let n be j(8). Calculate v(n).
1
Suppose 3 = 4*v - 3*v + 4*o, 15 = 5*v - 3*o. Let i(u) = 3*u**2 - 2*u + 3. Calculate i(v).
24
Let m(s) = s**3 + 2*s**2 + 3*s + 2. Let b(x) = x - 5. Let d be b(8). Suppose -1 = -r - d. Calculate m(r).
-4
Let d(i) = i**2 - i + 1. Let a(p) = -3*p**2 + 11*p. Let n(l) = a(l) + 4*d(l). Determine n(-6).
-2
Let y be (-12)/(-5) + 6/(-15). Let f(g) = -g + 2. Give f(y).
0
Let t(z) be the third derivative of -3*z**2 + 0*z - 1/12*z**4 + 0 - 1/2*z**3. Let j be (-2)/3*(-27)/(-6). What is t(j)?
3
Let s = 4 + -7. Let f(y) = y**3 + 3*y**2 + y. Determine f(s).
-3
Let b(t) be the second derivative of -1/6*t**3 + 5*t**2 - 4*t + 0. Give b(7).
3
Suppose 10 = 2*a + 4. Let z(i) be the third derivative of -i**6/120 + i**5/12 - i**4/6 + i**3/6 - i**2. Determine z(a).
7
Let t(n) = -4*n. Suppose 3*a - 34 = 5*v, 3*v + 24 = 4*a - a. Suppose -p + 4*f = 23, 2*p + f + 0*f + 1 = 0. Let l = p - v. Determine t(l).
-8
Suppose -3*s + 33 = -3*u, -2*s - 4*u = 3*s - 10. Let i = -4 + s. Let k(l) = -3*l + 3. What is k(i)?
-3
Let w(v) = -3*v**3 - 2*v**2 - 2*v - 5. Let n(q) = 4*q**3 + q**2 + q + 6. Let g(r) = 2*n(r) + 3*w(r). Give g(-3).
0
Let l(b) = -b + 2. Suppose -2*g = -5*t - g - 25, 2*t + 7 = g. Calculate l(t).
8
Let u(n) = 2*n**2 - 3*n**2 - 7*n + 3*n + 7. Let q(d) = -3*d**2 - 4*d - 1. Let z be q(-2). Give u(z).
2
Let s(u) = u**3 + 7*u**2 + 4*u - 8. Let g be s(-6). Let j(i) = -2 + 0*i + g*i - 5*i + i**2. Let x be (-1 - -6) + (-4 - -2). Calculate j(x).
4
Let c(v) = 7*v**3 - 10*v**2 + v + 3. Let m(s) = s**2 - s**3 - 2*s**3 - s + 2*s**3. Let i(h) = c(h) + 6*m(h). What is i(5)?
3
Let v(q) = -q**3 + 3*q**2 - 2. Let f be (-1)/(-4) + (-1)/4. Suppose 4*j + f*j = 4. Let o be 2 - (j - (0 - -1)). What is v(o)?
2
Suppose u - 15 = 4*u. Let d(n) = 2 + 33*n**3 + 5*n**2 - 58*n**3 + 26*n**3 + 2*n. Give d(u).
-8
Suppose 2*x + 3 = -5*d + 2, -4*d = -3*x + 33. Suppose x = -2*b + b. Let f = b - -11. Let z(t) = t**2 - 3*t + 2. What is z(f)?
6
Let j(f) be the second derivative of -f**5/20 + 5*f**4/12 - f**3 + 7*f. Suppose z + 12 = 4*z. Determine j(z).
-8
Let h be (-1 - -2)/((-2)/10). Let l(k) = -19 + 12 + 10 + k. What is l(h)?
-2
Let l(h) = 44 - 41 - 2*h + h + 0*h. Let v(u) = u. Let j be v(-5). Determine l(j).
8
Suppose -y + 3*y - 6 = 0. Suppose y*m = -7 - 2. Let n(h) = h**2 + 4*h - 2. What is n(m)?
-5
Let f(n) = n**2 - 2*n + 7. Let p(w) = -w**3 + 2*w + 2. Let l be p(-2). Let c(m) = -m**2 + m - 7. Let b(a) = l*f(a) + 5*c(a). What is b(5)?
-3
Suppose 0 = 3*g + 5*g. Let u(y) be the second derivative of g + 0*y**2 - 1/3*y**3 + 3*y. Calculate u(5).
-10
Let u(b) = -b**3 + 4*b**2 + b + 1. Let s(f) = f**3 - 3*f**2 + f + 2. Let t be s(3). Give u(t).
-19
Suppose 2*q = q + 4. Suppose 0 = -q*h + 9*h - 15. Let j(s) = -s + 2. What is j(h)?
-1
Suppose -7*l + 10*l - 9 = 0. Let r(w) = -l*w - 4*w**2 - 5*w**3 + 5*w**3 - w**3. Give r(-2).
-2
Let q(y) = -y**3 + 6*y**2 + 7*y + 1. Let h be q(7). Let d(c) = 4*c + h - c**2 + 1 - 6 + 0. Calculate d(3).
-1
Let q(b) = -4*b + 76*b**3 + 4 + 0*b**2 - 77*b**3 + 5*b**2. What is q(4)?
4
Let l(t) be the third derivative of -t**5/60 - t**4/24 - t**3/6 - t**2. Let o = 0 - 2. Let u be o/(-4) - 27/18. What is l(u)?
-1
Suppose -5*r + 2*r + 6 = 0. Let m(v) = -4*v - 3 + 2*v**r - v**3 + 2*v**3 + 0*v. Calculate m(-3).
0
Suppose -4*b - 14 = 2, -2*j = 5*b + 38. Let p = j + 12. Let r(u) = -u**3 + 3*u**2 - 4*u + 2. Give r(p).
-10
Let s(o) = -o**3 + 7*o**2 - 9*o + 3. Suppose 6*f - 7*f = -6. Determine s(f).
-15
Let x = -3 + 5. Suppose -3*j + 26 - x = 0. Let g(n) = -j + 3 + n - 1. What is g(5)?
-1
Let l(k) = -k**2 - k + 16. Let w be l(3). Let i(j) be the second derivative of 0*j**2 + 1/4*j**w + 0 - 1/3*j**3 + j + 1/20*j**5. Give i(-4).
-8
Let h(v) = -v**2 + v - 6. Let i = 1 + -1. Suppose d - 5*d = i. What is h(d)?
-6
Let r(a) = -a - 1. Let n(h) = 2*h + 3. Let j(c) = n(c) + 3*r(c). Let w(p) = 5*p - 4. Let q(g) = 6*j(g) + w(g). Suppose -2 = -5*b - 27. Give q(b).
1
Let m(l) = l**3 + 6*l**2 - 3*l - 9. Let z be m(-6). Suppose 0*g = 3*g - z. Let j(w) = -w**3 + 2*w**2 + 3*w - 4. Calculate j(g).
-4
Let t(b) = b**3 - 5*b**2 - 3*b - 8. Let v be t(6). Let u(n) = n**2 - 10*n + 2. Let m be u(v). Let a(d) = -d**3 + d + 1. What is a(m)?
-5
Let k(c) = -c**3 + c**2 + c. Let a(z) = 4*z**3 + z**2 - z - 8. Let x(n) = -a(n) - 5*k(n). What is x(6)?
-16
Let h(k) = -3*k**3 + 2*k + 1. Let b(f) = -f + 2. Let w(s) = 1 + 6*s - 4*s**2 + s**3 - 4 - s. Let q be w(3). Let p be b(q). Determine h(p).
2
Let b be 1 - (1*-6 - -1). Let s(u) be the third derivative of u**5/60 - u**4/6 - 7*u**3/6 - 35*u**2. Calculate s(b).
5
Let d(i) = i**2 - 7*i + 6. Let o be d(5). Let p = o + 5. Let h(x) = -4*x**2 - 3*x**2 - 4*x - p + x**3 + 5*x**2. Give h(3).
-4
Let b(h) = -2*h - 5. Let q be b(-5). Suppose 2*t - 8 = -2. Let p(y) = -y**3 - 7*y + 1 + 4 + t*y**2 + 2*y**2 + y**2. Calculate p(q).
-5
Suppose -5*u - 3*a = -0 - 17, -4*a = -16. Let d(w) be the first derivative of 3*w**3 + w - 1. Determine d(u).
10
Let j(n) = -3*n - 1. Let g be j(2). Let w(h) = h**2 + 10*h + 3. Give w(g).
-18
Let b(j) = -j**3 + 3*j**2 + 3*j. Suppose 12 = -3*q, 14 + 0 = -3*h - 5*q. Let v be 68/18 - h/(-9). Give b(v).
-4
Let p be ((-5)/4)/(2/(-8)). Let a(q) = 2*q + 5. Let r(v) = -3*v - 6. Let o(i) = 4*a(i) + 3*r(i). Calculate o(p).
-3
Suppose -3*s - 3 = -9. Let u(p) = 2*p - p - 1 - p**3 + 2*p**2 + s*p. Let y(o) = -2*o - 3. Let n be y(-3). Calculate u(n).
-1
Suppose 0*w + 3*w = -9. Let o(h) = 2*h**2 - 11*h + 1. Let r(a) = -a**2 + 6*a. Let z(b) = w*o(b) - 5*r(b). What is z(3)?
-3
Let p = -2 - 3. Let o(n) = n**2 - n + 1